{"id":16,"date":"2025-11-20T09:28:52","date_gmt":"2025-11-20T09:28:52","guid":{"rendered":"https:\/\/atypicid.org\/?page_id=16"},"modified":"2026-01-23T09:45:58","modified_gmt":"2026-01-23T09:45:58","slug":"qui-sommes-nous","status":"publish","type":"page","link":"https:\/\/atypicid.org\/index.php\/qui-sommes-nous\/","title":{"rendered":"Qui sommes-nous ?"},"content":{"rendered":"\n<div class=\"guten-element gutenverse-text-editor guten-C4kGK1\"><div class=\"text-content-inner\">\n<p><a href=\"https:\/\/atypicid.org\/index.php\/accueil\/\" data-type=\"page\" data-id=\"7\">Accueil<\/a> &gt; <strong>Qui sommes-nous ?<\/strong><\/p>\n<\/div><\/div>\n\n\n\n<div class=\"section-wrapper\" data-id=\"p181yR\"><section class=\"wp-block-gutenverse-section guten-element guten-section guten-p181yR layout-boxed align-stretch\"><div class=\"guten-container guten-column-gap-default\">\n<div class=\"wp-block-gutenverse-column guten-element guten-column guten-D9hanv\"><div class=\"guten-column-wrapper\" data-id=\"D9hanv\">\n<h1 class=\"wp-block-gutenverse-heading guten-element guten-LtLpa3\">Qui sommes-nous ?<\/h1>\n<\/div><\/div>\n<\/div><\/section><\/div>\n\n\n\n<div class=\"section-wrapper\" data-id=\"D0h3kP\"><section class=\"wp-block-gutenverse-section guten-element guten-section guten-D0h3kP layout-boxed align-stretch\"><div class=\"guten-container guten-column-gap-default\">\n<div class=\"wp-block-gutenverse-column guten-element guten-column guten-C1T0YL\"><div class=\"guten-column-wrapper\" data-id=\"C1T0YL\">\n<p class=\"has-text-align-center\">ATYPIC est la premi\u00e8re agence de communication install\u00e9e au sein d\u2019un ESAT (Etablissements et Services d\u2019Aide par le Travail). Si les services sont les m\u00eames que dans une agence classique, c\u2019est le fonctionnement et les b\u00e9n\u00e9fices qui rendent la structure unique.<\/p>\n<\/div><\/div>\n<\/div><\/section><\/div>\n\n\n\n<p class=\"has-text-align-center\"><\/p>\n\n\n\n<h2 class=\"wp-block-heading has-text-align-center\"><strong>Comment \u00e7a marche ?<\/strong><\/h2>\n\n\n\n<p class=\"has-text-align-center\">ATYPIC est une agence de communication qui s\u2019organise en bin\u00f4mes.<\/p>\n\n\n\n<p class=\"has-text-align-center\">Directeur de cr\u00e9ation, directeurs artistiques, graphistes, web et UX designer, r\u00e9dacteur\u2026 Ces professionnels du \u00ab&nbsp;milieu ordinaire&nbsp;\u00bb travaillant en free-lance et\/ou pour de grandes agences, viennent \u00e9pauler nos cr\u00e9atifs du \u00ab&nbsp;milieu prot\u00e9g\u00e9&nbsp;\u00bb.<\/p>\n\n\n\n<p class=\"has-text-align-center\">Supervis\u00e9s par leurs mentors au sein d\u2019ATYPIC et par leurs moniteurs de l\u2019ESAT, nos juniors sont form\u00e9s et s\u2019\u00e9panouissent dans un travail pour lequel ils sont dou\u00e9s, et qu\u2019ils ont choisi !<\/p>\n\n\n\n<div class=\"guten-element guten-button-wrapper guten-k4kZ9c\"><a class=\"guten-button guten-button-sm\" href=\"https:\/\/atypic-lagence.fr\/\" target=\"_blank\" rel=\"noreferrer noopener\"><span>Je d\u00e9couvre l&rsquo;agence Atypic<\/span><\/a><\/div>\n\n\n\n<div class=\"section-wrapper\" data-id=\"sHUhvb\"><section class=\"wp-block-gutenverse-section guten-element guten-section guten-sHUhvb layout-boxed align-stretch\"><div class=\"guten-container guten-column-gap-default\">\n<div class=\"wp-block-gutenverse-column guten-element guten-column guten-duEH10\"><div class=\"guten-column-wrapper\" data-id=\"duEH10\"><\/div><\/div>\n<\/div><\/section><\/div>\n\n\n\n<h2 class=\"wp-block-heading has-text-align-center\"><strong>L&rsquo;offre Atypic ID<\/strong><\/h2>\n\n\n\n<p class=\"has-text-align-center\">Depuis 4 ans, nos cr\u00e9atifs ont r\u00e9alis\u00e9 de nombreux projets d\u2019identit\u00e9 de marque, logo et charte graphique. <\/p>\n\n\n\n<p class=\"has-text-align-center\">Leur expertise, leurs comp\u00e9tences et leur motivation nous ont amen\u00e9<br>\u00e0 cr\u00e9er ATYPIC ID en collaboration avec le <a href=\"https:\/\/www.ernestandco.fr\/\">Studio Ernest &amp; Co.<\/a> Le studio Ernest &amp; Co accompagne et encadre au quotidien les \u00e9quipes de l&rsquo;agence Atypic dans leurs processus cr\u00e9atifs et la cr\u00e9ation de nombreux projets de marque. <\/p>\n\n\n\n<p class=\"has-text-align-center\">Atypic ID, c&rsquo;est une offre simple et efficace qui s&rsquo;adresse aux acteurs du m\u00e9dico-social pour la cr\u00e9ation ou la refonte de leur identit\u00e9 de marque.<\/p>\n\n\n\n<div class=\"guten-element guten-button-wrapper guten-Qw1wTs\"><a class=\"guten-button guten-button-sm\" href=\"https:\/\/atypicid.org\/index.php\/contactez-nous\/\"><span>Je veux travailler avec Atypic<\/span><\/a><\/div>\n","protected":false},"excerpt":{"rendered":"<p>Comment \u00e7a marche ? ATYPIC est une agence de communication qui s\u2019organise en bin\u00f4mes. Directeur de cr\u00e9ation, directeurs artistiques, graphistes, web et UX designer, r\u00e9dacteur\u2026 Ces professionnels du \u00ab&nbsp;milieu ordinaire&nbsp;\u00bb travaillant en free-lance et\/ou pour de grandes agences, viennent \u00e9pauler nos cr\u00e9atifs du \u00ab&nbsp;milieu prot\u00e9g\u00e9&nbsp;\u00bb. Supervis\u00e9s par leurs mentors au sein d\u2019ATYPIC et par leurs &hellip;<\/p>\n","protected":false},"author":1,"featured_media":0,"parent":0,"menu_order":0,"comment_status":"closed","ping_status":"closed","template":"","meta":{"_eb_attr":"","footnotes":""},"class_list":["post-16","page","type-page","status-publish","hentry"],"_links":{"self":[{"href":"https:\/\/atypicid.org\/index.php\/wp-json\/wp\/v2\/pages\/16","targetHints":{"allow":["GET"]}}],"collection":[{"href":"https:\/\/atypicid.org\/index.php\/wp-json\/wp\/v2\/pages"}],"about":[{"href":"https:\/\/atypicid.org\/index.php\/wp-json\/wp\/v2\/types\/page"}],"author":[{"embeddable":true,"href":"https:\/\/atypicid.org\/index.php\/wp-json\/wp\/v2\/users\/1"}],"replies":[{"embeddable":true,"href":"https:\/\/atypicid.org\/index.php\/wp-json\/wp\/v2\/comments?post=16"}],"version-history":[{"count":21,"href":"https:\/\/atypicid.org\/index.php\/wp-json\/wp\/v2\/pages\/16\/revisions"}],"predecessor-version":[{"id":631,"href":"https:\/\/atypicid.org\/index.php\/wp-json\/wp\/v2\/pages\/16\/revisions\/631"}],"wp:attachment":[{"href":"https:\/\/atypicid.org\/index.php\/wp-json\/wp\/v2\/media?parent=16"}],"curies":[{"name":"wp","href":"https:\/\/api.w.org\/{rel}","templated":true}]}}